t w(b) = 3*b**3 + 18*b**2 + 9*b - 5. Let f(a) = 2*a**3 + 12*a**2 + 6*a - 3. Let v(j) = -7*f(j) + 5*w(j). What is the units digit of v(-5)?
6
Suppose -2*n - 2*j = -j - 4, -j + 4 = -4*n. Suppose n = 4*h - 18 - 34. What is the tens digit of h?
1
Suppose 2*z + 215 = 953. What is the tens digit of z?
6
Let t(d) be the second derivative of -d**5/20 - d**4/2 - d**3/2 - 7*d**2/2 + 4*d. Let z(k) = -k + 2. Let r be z(8). What is the tens digit of t(r)?
1
Let y(o) be the third derivative of o**4/24 + 2*o**3/3 + 3*o**2. What is the units digit of y(4)?
8
Let r(y) = -y**2 + 6*y + 9. Let j be r(8). Let m(q) = -9*q - 23. What is the tens digit of m(j)?
4
Let n = 3 - -8. Suppose -5*j - 6 - 7 = -3*y, 0 = 2*y - j - n. What is the units digit of y?
6
Let x(r) = 11*r**2 + r + 11. What is the hundreds digit of x(-5)?
2
Let c(t) = t - 1. Let s be (-2 - -1)/(7/(-35)). Let d be c(s). Suppose -d*f - 20 = -7*i + 2*i, -2*f - 22 = -4*i. What is the units digit of i?
8
Let x(v) = -3*v. Let f be x(1). Let u(y) = -y**3 + 3*y**2 - 2*y - 1. Let l be u(2). What is the units digit of l*(-2)/(-2 - f)?
2
Let o be (6/(-4))/((-4)/8). Suppose o*c + 3 = -2*l + 5, 4*c - 1 = -3*l. Let f = 10 + l. What is the units digit of f?
5
Suppose 0 = -7*b + 264 + 205. What is the units digit of b?
7
Let q be (-6)/(2/(-11) + 0). Suppose -6*h + 3*h = -q. What is the tens digit of h?
1
Let x = 5 - 7. Let o be 160/28 + x/(-7). Let w = o + -4. What is the units digit of w?
2
Let i be (-7)/(-14) - (-1)/(-2). Suppose i = 3*b - 9*b + 240. What is the units digit of b?
0
Suppose 7*n + 4*i - 150 = 2*n, 0 = 3*n + 5*i - 77. What is the units digit of n?
4
What is the units digit of 7/(-3)*(-21 - 3)?
6
What is the units digit of 79 + (-3 - -3) + (2 - 3)?
8
Let b be 4/6 - (-2)/(-3). Let j(v) = -2*v**3 + 4*v**2 + 6*v - 2. Let h be j(-2). Suppose 4*c - 63 = w + 4*w, c + w - h = b. What is the tens digit of c?
1
Suppose -3*h - 25 = -112. What is the units digit of h?
9
Let s be 0/5 + 1 + 1. Let y(t) = t**3 - 6*t**2 + 3*t. Let q be y(6). What is the units digit of (2/3)/(s/q)?
6
Let m(o) = -o**2 + 7*o + 10. Let j be m(8). Let r = -9 + j. Let p = r + 10. What is the units digit of p?
3
Suppose 0 = -5*f + f + 256. Let t = f + -91. Let l = 38 + t. What is the tens digit of l?
1
Let q = 10 + -7. Suppose 2*b - 120 = -q*b. What is the tens digit of b?
2
Let t(i) = -i - 3. Let j be t(-6). Suppose j*l = 9 + 3, -m - 5*l = -21. What is the units digit of m?
1
Suppose 0 = -9*v - 223 + 2419. What is the hundreds digit of v?
2
Let u = -14 + 8. Let o(s) = -s + 2. Let r be o(u). Suppose 5*l + 1 = 3*m + r, 0 = -l - m + 3. What is the units digit of l?
2
What is the units digit of (0 - -167) + 10/(-45)*-9?
9
Let u = 17 - 8. What is the units digit of u?
9
Let n be ((-13)/(-2))/(3/(-6)). Let y = -9 - n. What is the units digit of y?
4
Let k = 31 - -5. What is the tens digit of k?
3
Suppose -8 = -2*d - 0. Suppose -4*t + 0*t = d*c - 56, c - 18 = -2*t. What is the units digit of (-96)/(-20) - (-2)/c?
5
Let t = 23 - -5. Let j = t - 15. What is the units digit of j?
3
Let a be 1 + (-1 + 1 - -2). What is the units digit of (-8)/(-36)*a*12?
8
Let t = 77 + -19. What is the units digit of t?
8
Suppose h + 2*v - 11 = 37, 5*h - 4*v - 240 = 0. What is the units digit of h?
8
Let b be (-2)/(((-30)/69)/(-5)). Let f = -18 - b. What is the units digit of f?
5
Let b = 10 - 6. Suppose -4*i + 11 = 3, 3*g + b*i - 20 = 0. Suppose 11 + g = -j - 4*x, 4*j - 40 = 4*x. What is the units digit of j?
5
Suppose 7*w = 3*w + 544. Suppose -4*f - 105 = -3*y, 7*f = 4*y + 3*f - w. What is the units digit of y?
1
Suppose -3*w = -4*w. Suppose 4*x = 6*x - 2*c, -3*x = 5*c - 40. Suppose w*f = x*f - 30. What is the units digit of f?
6
Suppose -5*d = -d - 88. What is the units digit of d?
2
Suppose -5*n + h = 0, -2*n + 3*n = -h - 6. Let a be 0 + 0 + n - -6. Suppose -3*t - a*o + 39 = 0, -t - o - o = -14. What is the units digit of t?
8
Let u(m) = -m**3 + 4*m**2 + 7*m - 5. Let h be (1/(-4))/((-5)/100). What is the units digit of u(h)?
5
Let j be 4/8 + 106/4. What is the units digit of (9/j)/(2/126)?
1
Suppose 4*c = -7*u + 3*u + 1688, 2*c - 864 = 3*u. What is the tens digit of c?
2
Suppose 9*k - 280 = 7*k. What is the tens digit of k?
4
Let m(p) = -p**3 - 6*p**2 - 2*p - 6. Let a be m(-6). Suppose 2*y = a - 2. Suppose 4*b = -y*g + 38 - 6, -5*g = 4*b - 56. What is the units digit of g?
8
Let a(p) be the second derivative of -p**4/6 - 2*p**3/3 - 3*p**2/2 - 2*p. Let t be a(-2). Let o = t + 9. What is the units digit of o?
6
Let m be 0/(2/1 - 4). Suppose 3*o + o = -3*v - 11, 4*v + 4 = m. Let z = o - -5. What is the units digit of z?
3
Suppose -f + 10 = 4*f. Suppose f*o - 26 = 4. What is the tens digit of o?
1
Let u(g) = 11*g - 3*g + 0*g**3 + g**3 - 7*g**2 - 3. Let z be (12/14)/(1/7). What is the units digit of u(z)?
9
Suppose 3*m = 3*z - 0*m - 471, 753 = 5*z + 3*m. Suppose 4*j + 25 = z. What is the units digit of j?
2
Let z(f) = -f**2 - 5*f - 3. Let k be z(-6). Let q = k - -14. Suppose -10 = m + 4*x, -6*m + q*x = -3*m - 21. What is the units digit of m?
2
Suppose 2*f - 21 = 15. What is the units digit of f?
8
Let n be 1/3 - 160/(-6). Suppose 5*d = -n + 92. What is the units digit of d?
3
Let g(j) = j + 1. Let c(w) = 2*w + 2. Let n(i) = 5*c(i) - 12*g(i). What is the units digit of n(-5)?
8
Let d = -4 + 17. Suppose 0 = t + g + 2*g - 14, 4*g = 5*t - d. Suppose 3*i + 0*f - 26 = t*f, -5*i = -f - 58. What is the units digit of i?
2
Suppose 2*c - 366 = -3*v, 4*v + 653 = 4*c - 39. What is the tens digit of c?
7
Let f = 188 - -59. What is the tens digit of f?
4
Suppose 2*m - 22 = 10. Suppose 2*t = -3*w + 13, m = -3*t + 8*t + 2*w. What is the units digit of 1*t*(-3)/(-2)?
3
Let s(g) = -3*g. Let k be s(-5). Suppose 5*l + 0*l = k. Suppose -62 + 26 = -l*f. What is the tens digit of f?
1
Let d be 16/4 + 1*-1. Let p = -2 + d. Let g(b) = 10*b**2 - b. What is the units digit of g(p)?
9
Let z(n) = -1 - 1 - 5 - 4*n. Let y(d) = -9*d - 13. Let v(s) = 3*y(s) - 7*z(s). What is the units digit of v(-5)?
5
Suppose 5*c - 1 - 14 = 0. Let s = 8 - c. Suppose 0 = -s*k - 2*o - 5, -2*k + 3*o = -5*k - 12. What is the units digit of k?
1
Let y(t) = 6*t**2 + 1. Let a be y(-2). Suppose -m + 5 = -a. What is the tens digit of m?
3
Let k(n) = 22*n**2 - n - 1. Let o = -2 - -1. What is the units digit of k(o)?
2
What is the tens digit of -1*57*20/48*-4?
9
Suppose -2*k - 2*k - 36 = -3*v, 5*k + 45 = -4*v. Let m(j) be the third derivative of -j**5/60 - 11*j**4/24 - 5*j**3/6 + j**2. What is the units digit of m(k)?
3
Suppose u - 4*z = 4*u - 287, 5*u - 4*z - 425 = 0. Suppose -5*h = -u + 14. What is the tens digit of h?
1
Let f(a) = 2*a. Let z be f(1). Let j be 0*z/2*-1. Suppose j = 2*d + 2*d - 4. What is the units digit of d?
1
Suppose -13*a + 8*a + 105 = 0. What is the units digit of a?
1
What is the tens digit of (-4995)/(-63) - (12/(-14))/(-3)?
7
Let v be 27/(-6)*(-4)/(-6). What is the units digit of 4/1 + 0 + v?
1
Let t = -3 + 8. Let u(y) = 9*y**3 - 13*y**2 - y + 9. Let m(l) = 4*l**3 - 6*l**2 + 4. Let k(a) = t*m(a) - 2*u(a). What is the units digit of k(2)?
6
Let l = 55 - 2. What is the tens digit of l?
5
Let h be 15 - 7 - 3/1. Suppose -4*k + h*z - 2*z = -65, 2*z = -k + 8. What is the units digit of k?
4
Suppose 0 = -2*m - 0*m + 20. Suppose 5*d - 39 = -2*h - 13, 0 = 2*h + d - m. Suppose -g + 17 = 2*g - t, 0 = -h*g - 5*t + 41. What is the units digit of g?
7
What is the hundreds digit of (0 + 3 + -4)*(-1 - 196)?
1
Suppose -274 = -4*g - 10. What is the tens digit of g?
6
Let v be 3/((30/(-4))/5). What is the units digit of (-3)/(-6)*v - -6?
5
Let y = -170 - -419. What is the hundreds digit of y?
2
Let z = -146 - -228. What is the tens digit of z?
8
Let h(f) = f - 2. Let a be h(4). Let v = a - 0. Suppose 12 - v = 5*m. What is the units digit of m?
2
Let t = 89 - 54. What is the tens digit of t?
3
Let n = 49 + -36. What is the tens digit of n?
1
Let i(s) = -7*s. Let u be i(-2). Let h = 25 - u. Suppose 0*f + h = f. What is the tens digit of f?
1
Suppose -4*q = -4*n + 4, 0*n - 2*q + 23 = 3*n. What is the units digit of n?
5
Let u(i) = -i. Let v be u(6). What is the units digit of 10 - (0 + v/(-3))?
8
Let t = -45 + 77. What is the tens digit of t?
3
Suppose 4*i - 14 = 2. Suppose 5*k - i = 26. Let d = 0 + k. What is the unit